{"id":14060,"date":"2011-05-11T20:13:40","date_gmt":"2011-05-11T20:13:40","guid":{"rendered":"http:\/\/www.erichwoods.com\/espanol\/?page_id=17"},"modified":"2015-09-23T00:30:58","modified_gmt":"2015-09-23T08:30:58","slug":"accidentes-de-peaton","status":"publish","type":"page","link":"https:\/\/www.ericwoodslaw.com\/espanol\/areas-de-practica\/accidentes-de-carro\/accidentes-de-peaton\/","title":{"rendered":"Accidentes Peatonales"},"content":{"rendered":"<h1>Accidentes Peatonales<\/h1>\n<h2>Abogado especialista en lesiones personales causadas por accidentes peatonales<\/h2>\n<p>La causa principal\u00a0 para que ocurran accidentes en los cuales los peatones resultan arrollados por los veh\u00edculos,\u00a0 es la falta de atenci\u00f3n de los conductores y estos accidentes generan graves lesiones.\u00a0\u00a0 Estos accidentes ocurren generalmente en cruces donde los conductores ignoran por completo el derecho que tiene el peat\u00f3n a cruzar la calle.<\/p>\n<p>Es importante que si usted fue lesionado en un accidente de transito, en las calles de Nevada,\u00a0 sea\u00a0 por un veh\u00edculo peque\u00f1o o un veh\u00edculo grande, acuda de inmediato con el abogado especialista Eric H. Woods para que \u00e9l\u00a0 le ayude a proteger sus derechos, como a recibir una justa y total indemnizaci\u00f3n. Por esto no dude en comunicarse con \u00e9l,\u00a0 haciendo una llamada, como lo han hecho muchas personas por m\u00e1s de 30 a\u00f1os , quienes han salido exitosos de sus demanda y han recibido las indemnizaciones justas por sus lesiones.<\/p>\n<h3>Lesiones a Peatones<\/h3>\n<p>De todos los accidentes automovil\u00edsticos\u00a0 los m\u00e1s graves y podr\u00eda decirse mortales son aquellos donde\u00a0 el autom\u00f3vil choca con el peat\u00f3n. \u00a0\u00a0Algunas de estas lesiones son:<\/p>\n<ul>\n<li>Lesi\u00f3n traum\u00e1tica cerebral como resultado de que una persona sea estrellada contra el piso o que el veh\u00edculo le pase por encima.<\/li>\n<li>Lesiones en la columna vertebral o el cuello.<\/li>\n<li>Fracturas.<\/li>\n<\/ul>\n<h3>Indemnizaci\u00f3n por Lesiones<\/h3>\n<p>Si usted ha sido atropellado por un veh\u00edculo en movimiento o un ser querido ha sido atropellado en un accidente peatonal, puede tener derecho a indemnizaci\u00f3n por gastos m\u00e9dicos, salarios perdidos, dolor, sufrimiento y m\u00e1s. Una llamada \u00a0al abogado especialista en accidentes peatonales Eric H. Woods podr\u00e1 \u00a0proteger sus derechos y le ayudara para que usted reciba la indemnizaci\u00f3n justa y total por todos los da\u00f1os y perjuicios econ\u00f3micos debido a sus lesiones. Recuerde que por \u00a0m\u00e1s de 30 a\u00f1os el se\u00f1or Woods ha trabajado exclusivamente para \u00a0clientes lesionados, luchando por sus derechos a recibir indemnizaci\u00f3n justa por su dolor y sufrimiento.<\/p>\n<h2>Cruzando la Calle<\/h2>\n<p>Un peat\u00f3n puede ser arrollado de maneras diferentes al cruzar una calle o una carretera porque simplemente no es visto por el conductor del veh\u00edculo debido a la limitada \u00a0visibilidad\u00a0 de la calle; por ejemplo, por un conductor de cami\u00f3n, ya que estos van sentados en la parte alta de sus veh\u00edculos; los ni\u00f1os no son f\u00e1cilmente visibles\u00a0 sea en un sem\u00e1foro o en un cruce peatonal y por esto muy a menudo son v\u00edctimas de estos accidentes. En Los Estados Unidos cada dos horas muere un peat\u00f3n y cada 9 minutos un\u00a0 peat\u00f3n es arrollado por un veh\u00edculo en movimiento.<\/p>\n<p>El incremento en el uso de los celulares, sea cual sea el uso dado a estos en el momento de ir conduciendo, no han permitido que la tasa de accidentes baje, sino por el contrario han contribuido a su aumento en las calles y carreteras del Estado de Nevada.<\/p>\n<p>Si usted ha sido v\u00edctima\u00a0 de estos accidentes es importante que se contacte con un abogado especialista en lesiones personales. No dude en comunicarse con la firma del\u00a0 Abogado Eric H. Woods porque all\u00ed encontrar\u00e1 el apoyo necesario para proteger su salud consiguiendo la ayuda de\u00a0 abogados especializados en el tema\u00a0 de atenci\u00f3n medica apropiada que usted necesita para una recuperaci\u00f3n total, as\u00ed como tambi\u00e9n la protecci\u00f3n de sus derechos\u00a0 a la m\u00e1xima indemnizaci\u00f3n justa bajo la ley.<\/p>\n<h3>Investigaci\u00f3n Apropiada<\/h3>\n<p>Para obtener una respuesta exitosa a su demanda es necesaria una investigaci\u00f3n a tiempo y de manera profesional, as\u00ed como tambi\u00e9n encontrar y entrevistar a los testigos para impedir que tanto pruebas como testigos desaparezcan. Por esto usted debe actuar de manera r\u00e1pida y contactar a su abogado especialista el se\u00f1or Eric H. Woods, quien actuar\u00e1 \u00e1gilmente logrando los resultados esperados.<\/p>\n<h3>Entablando una Demanda<\/h3>\n<p>Si usted ha resultado lesionado usted merece la mejor representaci\u00f3n legal posible. El abogado de Nevada especialista en accidentes peatonales Eric H. Woods, puede ayudarle si usted ha sido lesionado por un veh\u00edculo. Del primer paso hac\u00eda su salud y seguridad futuras llamando a la firma del se\u00f1or Woods para una consulta gratuita. El evaluar\u00e1 su caso con honestidad y le dar\u00e1 la informaci\u00f3n que necesita para tomar las mejores decisiones.<\/p>\n","protected":false},"excerpt":{"rendered":"<p>Accidentes Peatonales Abogado especialista en lesiones personales causadas por accidentes peatonales La causa principal\u00a0 para que ocurran accidentes en los cuales los peatones resultan arrollados por los veh\u00edculos,\u00a0 es la [&hellip;]<\/p>\n","protected":false},"author":4,"featured_media":0,"parent":14057,"menu_order":0,"comment_status":"open","ping_status":"closed","template":"","meta":{"_monsterinsights_skip_tracking":false,"_monsterinsights_sitenote_active":false,"_monsterinsights_sitenote_note":"","_monsterinsights_sitenote_category":0,"footnotes":""},"class_list":["post-14060","page","type-page","status-publish","hentry"],"yoast_head":"<!-- This site is optimized with the Yoast SEO plugin v27.2 - https:\/\/yoast.com\/product\/yoast-seo-wordpress\/ -->\n<title>Accidentes Peatonales | Eric Woods Espanol<\/title>\n<meta name=\"robots\" content=\"noindex, follow, max-snippet:-1, max-image-preview:large, max-video-preview:-1\" \/>\n<meta property=\"og:locale\" content=\"es_ES\" \/>\n<meta property=\"og:type\" content=\"article\" \/>\n<meta property=\"og:title\" content=\"Accidentes Peatonales | Eric Woods Espanol\" \/>\n<meta property=\"og:description\" content=\"Accidentes Peatonales Abogado especialista en lesiones personales causadas por accidentes peatonales La causa principal\u00a0 para que ocurran accidentes en los cuales los peatones resultan arrollados por los veh\u00edculos,\u00a0 es la [&hellip;]\" \/>\n<meta property=\"og:url\" content=\"https:\/\/www.ericwoodslaw.com\/espanol\/areas-de-practica\/accidentes-de-carro\/accidentes-de-peaton\/\" \/>\n<meta property=\"og:site_name\" content=\"Eric Woods Espanol\" \/>\n<meta property=\"article:modified_time\" content=\"2015-09-23T08:30:58+00:00\" \/>\n<meta name=\"twitter:card\" content=\"summary_large_image\" \/>\n<meta name=\"twitter:label1\" content=\"Tiempo de lectura\" \/>\n\t<meta name=\"twitter:data1\" content=\"4 minutos\" \/>\n<script type=\"application\/ld+json\" class=\"yoast-schema-graph\">{\"@context\":\"https:\/\/schema.org\",\"@graph\":[{\"@type\":\"WebPage\",\"@id\":\"https:\/\/www.ericwoodslaw.com\/espanol\/areas-de-practica\/accidentes-de-carro\/accidentes-de-peaton\/\",\"url\":\"https:\/\/www.ericwoodslaw.com\/espanol\/areas-de-practica\/accidentes-de-carro\/accidentes-de-peaton\/\",\"name\":\"Accidentes Peatonales | Eric Woods Espanol\",\"isPartOf\":{\"@id\":\"https:\/\/www.ericwoodslaw.com\/espanol\/#website\"},\"datePublished\":\"2011-05-11T20:13:40+00:00\",\"dateModified\":\"2015-09-23T08:30:58+00:00\",\"breadcrumb\":{\"@id\":\"https:\/\/www.ericwoodslaw.com\/espanol\/areas-de-practica\/accidentes-de-carro\/accidentes-de-peaton\/#breadcrumb\"},\"inLanguage\":\"es\",\"potentialAction\":[{\"@type\":\"ReadAction\",\"target\":[\"https:\/\/www.ericwoodslaw.com\/espanol\/areas-de-practica\/accidentes-de-carro\/accidentes-de-peaton\/\"]}]},{\"@type\":\"BreadcrumbList\",\"@id\":\"https:\/\/www.ericwoodslaw.com\/espanol\/areas-de-practica\/accidentes-de-carro\/accidentes-de-peaton\/#breadcrumb\",\"itemListElement\":[{\"@type\":\"ListItem\",\"position\":1,\"name\":\"Home\",\"item\":\"https:\/\/www.ericwoodslaw.com\/espanol\/\"},{\"@type\":\"ListItem\",\"position\":2,\"name\":\"\u00c1reas de Pr\u00e1ctica\",\"item\":\"https:\/\/www.ericwoodslaw.com\/espanol\/areas-de-practica\/\"},{\"@type\":\"ListItem\",\"position\":3,\"name\":\"Accidentes de Carro\",\"item\":\"https:\/\/www.ericwoodslaw.com\/espanol\/areas-de-practica\/accidentes-de-carro\/\"},{\"@type\":\"ListItem\",\"position\":4,\"name\":\"Accidentes Peatonales\"}]},{\"@type\":\"WebSite\",\"@id\":\"https:\/\/www.ericwoodslaw.com\/espanol\/#website\",\"url\":\"https:\/\/www.ericwoodslaw.com\/espanol\/\",\"name\":\"Eric Woods Espanol\",\"description\":\"\",\"potentialAction\":[{\"@type\":\"SearchAction\",\"target\":{\"@type\":\"EntryPoint\",\"urlTemplate\":\"https:\/\/www.ericwoodslaw.com\/espanol\/?s={search_term_string}\"},\"query-input\":{\"@type\":\"PropertyValueSpecification\",\"valueRequired\":true,\"valueName\":\"search_term_string\"}}],\"inLanguage\":\"es\"},{\"@type\":\"ImageObject\",\"inLanguage\":\"es\",\"@id\":\"https:\/\/www.ericwoodslaw.com\/espanol\/areas-de-practica\/accidentes-de-carro\/accidentes-de-peaton\/#local-main-organization-logo\",\"url\":\"\",\"contentUrl\":\"\",\"caption\":\"Eric Woods Espanol\"}]}<\/script>\n<meta name=\"geo.position\" content=\"36.1582712;-115.1700081\" \/>\n<meta name=\"geo.region\" content=\"Estados Unidos (EEUU)\" \/>\n<!-- \/ Yoast SEO plugin. -->","yoast_head_json":{"title":"Accidentes Peatonales | Eric Woods Espanol","robots":{"index":"noindex","follow":"follow","max-snippet":"max-snippet:-1","max-image-preview":"max-image-preview:large","max-video-preview":"max-video-preview:-1"},"og_locale":"es_ES","og_type":"article","og_title":"Accidentes Peatonales | Eric Woods Espanol","og_description":"Accidentes Peatonales Abogado especialista en lesiones personales causadas por accidentes peatonales La causa principal\u00a0 para que ocurran accidentes en los cuales los peatones resultan arrollados por los veh\u00edculos,\u00a0 es la [&hellip;]","og_url":"https:\/\/www.ericwoodslaw.com\/espanol\/areas-de-practica\/accidentes-de-carro\/accidentes-de-peaton\/","og_site_name":"Eric Woods Espanol","article_modified_time":"2015-09-23T08:30:58+00:00","twitter_card":"summary_large_image","twitter_misc":{"Tiempo de lectura":"4 minutos"},"schema":{"@context":"https:\/\/schema.org","@graph":[{"@type":"WebPage","@id":"https:\/\/www.ericwoodslaw.com\/espanol\/areas-de-practica\/accidentes-de-carro\/accidentes-de-peaton\/","url":"https:\/\/www.ericwoodslaw.com\/espanol\/areas-de-practica\/accidentes-de-carro\/accidentes-de-peaton\/","name":"Accidentes Peatonales | Eric Woods Espanol","isPartOf":{"@id":"https:\/\/www.ericwoodslaw.com\/espanol\/#website"},"datePublished":"2011-05-11T20:13:40+00:00","dateModified":"2015-09-23T08:30:58+00:00","breadcrumb":{"@id":"https:\/\/www.ericwoodslaw.com\/espanol\/areas-de-practica\/accidentes-de-carro\/accidentes-de-peaton\/#breadcrumb"},"inLanguage":"es","potentialAction":[{"@type":"ReadAction","target":["https:\/\/www.ericwoodslaw.com\/espanol\/areas-de-practica\/accidentes-de-carro\/accidentes-de-peaton\/"]}]},{"@type":"BreadcrumbList","@id":"https:\/\/www.ericwoodslaw.com\/espanol\/areas-de-practica\/accidentes-de-carro\/accidentes-de-peaton\/#breadcrumb","itemListElement":[{"@type":"ListItem","position":1,"name":"Home","item":"https:\/\/www.ericwoodslaw.com\/espanol\/"},{"@type":"ListItem","position":2,"name":"\u00c1reas de Pr\u00e1ctica","item":"https:\/\/www.ericwoodslaw.com\/espanol\/areas-de-practica\/"},{"@type":"ListItem","position":3,"name":"Accidentes de Carro","item":"https:\/\/www.ericwoodslaw.com\/espanol\/areas-de-practica\/accidentes-de-carro\/"},{"@type":"ListItem","position":4,"name":"Accidentes Peatonales"}]},{"@type":"WebSite","@id":"https:\/\/www.ericwoodslaw.com\/espanol\/#website","url":"https:\/\/www.ericwoodslaw.com\/espanol\/","name":"Eric Woods Espanol","description":"","potentialAction":[{"@type":"SearchAction","target":{"@type":"EntryPoint","urlTemplate":"https:\/\/www.ericwoodslaw.com\/espanol\/?s={search_term_string}"},"query-input":{"@type":"PropertyValueSpecification","valueRequired":true,"valueName":"search_term_string"}}],"inLanguage":"es"},{"@type":"ImageObject","inLanguage":"es","@id":"https:\/\/www.ericwoodslaw.com\/espanol\/areas-de-practica\/accidentes-de-carro\/accidentes-de-peaton\/#local-main-organization-logo","url":"","contentUrl":"","caption":"Eric Woods Espanol"}]},"geo.position":{"lat":"36.1582712","long":"-115.1700081"},"geo.region":"Estados Unidos (EEUU)"},"_links":{"self":[{"href":"https:\/\/www.ericwoodslaw.com\/espanol\/wp-json\/wp\/v2\/pages\/14060","targetHints":{"allow":["GET"]}}],"collection":[{"href":"https:\/\/www.ericwoodslaw.com\/espanol\/wp-json\/wp\/v2\/pages"}],"about":[{"href":"https:\/\/www.ericwoodslaw.com\/espanol\/wp-json\/wp\/v2\/types\/page"}],"author":[{"embeddable":true,"href":"https:\/\/www.ericwoodslaw.com\/espanol\/wp-json\/wp\/v2\/users\/4"}],"replies":[{"embeddable":true,"href":"https:\/\/www.ericwoodslaw.com\/espanol\/wp-json\/wp\/v2\/comments?post=14060"}],"version-history":[{"count":0,"href":"https:\/\/www.ericwoodslaw.com\/espanol\/wp-json\/wp\/v2\/pages\/14060\/revisions"}],"up":[{"embeddable":true,"href":"https:\/\/www.ericwoodslaw.com\/espanol\/wp-json\/wp\/v2\/pages\/14057"}],"wp:attachment":[{"href":"https:\/\/www.ericwoodslaw.com\/espanol\/wp-json\/wp\/v2\/media?parent=14060"}],"curies":[{"name":"wp","href":"https:\/\/api.w.org\/{rel}","templated":true}]}}